ative of -w**3/2 + 5*w**2/2 - w. What is y(u)?
-7
Let v(k) = -5*k**2 - 2*k**2 + 3*k**2 - 1 + k + 5*k**2. Suppose 0*a = -4*a + 8. Suppose 0 = 3*l - 1 - a. What is v(l)?
1
Let i(l) be the first derivative of -2*l**2 + 2*l + 4/3*l**3 - 3 - 1/4*l**4. Let f be i(3). Let v(o) = -7*o. Calculate v(f).
7
Let g(v) be the first derivative of -v**4/4 + 4*v**3/3 - v**2 + v - 7. Determine g(4).
-7
Let u(n) be the third derivative of n**5/60 - 19*n**3/6 + 18*n**2. What is u(0)?
-19
Let p(g) be the second derivative of g**6/360 - g**5/20 + g**4/6 + 5*g. Let f(s) be the third derivative of p(s). Determine f(6).
6
Let v(z) = -11*z + 2*z**2 + 4*z - z**2 + 2. Give v(7).
2
Let j(b) = -2*b**3 + 2*b**2 + 6*b - 3. Let g(x) = x**3 - x**2 - x + 1. Let i(a) = -4*g(a) - j(a). Give i(2).
-13
Let f(v) be the first derivative of v**2 + 4*v + 7. Give f(-3).
-2
Suppose 0 = 3*s - 8*u + 3*u - 10, 0 = -4*s - 2*u - 4. Let l(g) = g**3 - 1. Give l(s).
-1
Let w(o) be the first derivative of 2*o**2 + 8*o + 18. Give w(-6).
-16
Let k(g) be the third derivative of -g**6/120 + g**5/60 + g**4/24 - 5*g**3/6 - 11*g**2. Give k(0).
-5
Let o(r) = -r + 1. Let w = -31 + 22. Let k be 25/4 - w/12. Let c be o(k). Let u(d) = d**2 + 6*d - 7. Calculate u(c).
-7
Let o(g) = g**2 - g - 5. Suppose 0 = -3*q - 0*q. Determine o(q).
-5
Let j(o) = 4*o + 3. Let r be j(-1). Let g(n) = -6*n - 1. Determine g(r).
5
Let j(v) be the third derivative of v**6/120 - v**5/20 + v**4/12 - 3*v**2. Let p = 13 - 10. What is j(p)?
6
Suppose 2*w - 5*w = -18. Let v(s) = s**3 + 2*s**2 - 4*s. Let n be v(-3). Let l(d) = -d**2 - 4*d + w*d**2 + 1 - 3 - d**n. Determine l(4).
-2
Let h(f) be the first derivative of -1/120*f**5 + 0*f**2 - 1 + 1/360*f**6 + 0*f - 1/6*f**4 + f**3. Let u(b) be the third derivative of h(b). Calculate u(-3).
8
Let o be 32/20 + (-4)/(-10). Let u(d) be the first derivative of d - 8 + d**o + 2 + 3. What is u(-1)?
-1
Let v(u) = u**3 - 5*u**2 + 2*u - 6. Let t be v(5). Let m(o) = o**3 + o. Let i(k) = -5*k**3 + 7*k**2 - 12*k - 2. Let x(b) = t*m(b) + i(b). What is x(6)?
-14
Let q(g) = -g**2 - 1. Let c be (-3 - -6) + -7 + -1. Let x(j) = 4*j**2 - 7*j. Let m(d) = c*q(d) - x(d). Give m(-5).
-5
Let l be (-30)/(-14) - (32/28 + -1). Let s(y) = -y**3 + 5*y**2 - 2*y - 2. Give s(l).
6
Let n(m) = 14*m + 6. Let p(a) = -2*a - 2. Let h be p(-5). Let s(z) be the first derivative of 5*z**2/2 + 2*z + 13. Let i(l) = h*s(l) - 3*n(l). What is i(-4)?
6
Suppose 4*o + 3 - 58 = -q, 4*q - 280 = -4*o. Suppose l + 4*l = q. Suppose 3*h + 6*g = 3*g - l, 0 = -3*g - 9. Let v(c) = c**3 - 2*c - 2. What is v(h)?
-6
Suppose 5*w + 3 = 23. Let g(a) = -8*a**2 + 9*a**2 + 7*a - 2*a + w. Give g(-4).
0
Let j(g) = g + 6. Let z be -3 - (-1 - 2 - -2). Let w(y) = y**2 + 3*y + 2. Let c be w(z). What is j(c)?
6
Let h = 3 - 0. Suppose -5*p = -7 - h. Suppose -p*f + 0*u - 9 = -u, 4*f - 4*u + 20 = 0. Let z(y) = y**3 + 3*y**2 - 4*y. Give z(f).
0
Let v(z) = z**3 - z**2 - 4. Suppose -d - 5*c - 15 = 0, 5*d + 24 - 5 = 3*c. Let w = 5 + d. Calculate v(w).
-4
Let v(o) = -o - 1. Let l = -3 + 6. Suppose -s = 2*x + 13, -s + l*x = s - 2. Calculate v(s).
4
Let s(w) = w**3 - 6*w**2 + 5*w - 7. Let a(i) = 6*i**2 - 1. Let b be a(1). Determine s(b).
-7
Let j = 10 - 4. Let r = -5 + j. Let h(g) = 12*g**3 - 2*g**2 + g. What is h(r)?
11
Let f(b) = -b + 1. Suppose 2*c - 8*c + 18 = 0. Suppose u + 3*u = 0. Suppose -c*x + u = -15. Calculate f(x).
-4
Let n(k) = k**3 - 5*k**2 + k - 5. Suppose -3*r - 32 = -7*r + 4*w, -5*r - 5*w + 10 = 0. Determine n(r).
0
Let r(j) be the second derivative of -2*j - 1/6*j**3 + 1/12*j**4 - 1/2*j**2 + 2/5*j**5 + 0. Let q(i) = i**3 - 2*i**2 - 1. Let m be q(2). Calculate r(m).
-7
Let w(s) = 3*s**3 + s**2 + 3*s + 10. Let u = 3 + -4. Let v(q) = q**3 + q. Let i(f) = u*w(f) + 4*v(f). Determine i(0).
-10
Suppose -k - 17 = -5*i, 0 = 2*i + 2*i - k - 14. Let p(q) = -q**2 + 3*q - 1. Calculate p(i).
-1
Suppose 0*d = 4*d - 16. Let s(y) = -3*y - 2. Calculate s(d).
-14
Let c = -1 + 1. Let w(f) be the third derivative of f**4/24 - 4*f**3/3 + 4*f**2. Determine w(c).
-8
Let r(o) be the third derivative of o**6/120 + o**5/60 - o**4/24 + o**2. Let z(n) = 15*n + 90. Let d be z(-6). What is r(d)?
0
Suppose 0*y - 5 = 5*y. Let a(m) be the first derivative of 3*m**4/2 - 2*m**3/3 + m - 61. Give a(y).
-7
Let p(v) be the first derivative of -v**4/4 + 7*v**3/3 - 7*v**2/2 + 7*v + 8. Give p(6).
1
Let q(d) = 3*d**2 - 29*d + 23. Let o(b) = 8 - b**2 - 5*b**2 + 7*b**2 - 10*b. Let t(k) = -8*o(k) + 3*q(k). Give t(5).
-5
Let v(j) be the first derivative of -j**2/2 + 11*j + 4. Let b be v(5). Let d(n) = -n - 1. What is d(b)?
-7
Let f(k) = -k**3 - 6*k**2 - k - 8. Suppose 7*o = 9*o + 12. Give f(o).
-2
Let y(u) = -3*u - 2. Suppose -5*t - 4*r = -3*r - 2, t - 3*r = -6. Suppose 0 = 5*x + 3*c + 4 + 11, -c = t. Calculate y(x).
7
Suppose -4*v = -5*o - 12 - 0, 2*v = -o + 6. Suppose 2*u = -2*f, 0 = 2*u + 4*f + 1 + v. Let h be ((-1)/(-2))/(-1)*u. Let y(d) = -8*d. Determine y(h).
8
Let u = -79 + 78. Let c(r) = -9*r + 1. Calculate c(u).
10
Suppose 8 = 6*z + 32. Let s(w) = w**2 + 6*w + 2. Determine s(z).
-6
Let v(b) = -b**2 - 3*b + 3. Let y = -9 + 29. Suppose 0 = 3*x + x + y. Calculate v(x).
-7
Let h(t) = t**3 - 7*t**2 + 5*t + 7. Let k be 18/8*48/18. What is h(k)?
1
Let y(m) = m**2 - 5*m - 33. Let h be y(9). Let a(p) be the second derivative of -p**4/6 + 2*p**3/3 - 2*p**2 - p. Give a(h).
-10
Let d(p) be the first derivative of -p**2/2 - p + 12. Let m = 2 + -6. What is d(m)?
3
Let v(m) = -2*m - 8. Suppose 0*y + 5*y = 0. Let n(o) = -o**2 - o + 6. Let x be n(y). Let z(t) = -1. Let f(c) = x*z(c) - v(c). Determine f(3).
8
Let v(d) = -d - 4. Let g be v(-7). Let u be (8/(-6))/(g/(-9)). Let n = u - 0. Let f(m) = m**2 - 5*m + 3. Determine f(n).
-1
Let a(p) = -p**3 + p**2 - 1. Suppose 2 - 1 = u. Give a(u).
-1
Suppose 3*f + 2*p - 18 = -p, 2*f + 5*p - 27 = 0. Let q(m) be the second derivative of 0 + 1/6*m**3 + 0*m**2 - 6*m - 1/12*m**4. Calculate q(f).
0
Let m(q) = q + 7. Let i = -28 + 34. Determine m(i).
13
Let r(q) = q**3 - 5*q**2 + 2*q - 1. Let j(l) = l**3 - 5*l**2 + 2*l. Let o = -4 + 7. Let k(u) = o*r(u) - 2*j(u). What is k(5)?
7
Let o = 19 + -17. Let w(z) be the first derivative of -4*z - 1/3*z**3 - 2 + o*z**2. What is w(3)?
-1
Let z(s) = 2*s + 7. Let y(b) = -b. Let t(q) = 3*y(q) + z(q). Give t(3).
4
Let t(j) be the second derivative of -j**4/24 + j**3/2 - j**2 + j. Let a(l) be the first derivative of t(l). Let i be 0 - (1*4 - 1). Give a(i).
6
Let n(i) = i**3 - i**2 - 2*i - 3. Let j(o) be the second derivative of 0 + 2*o**2 + 3*o + 1/3*o**3. Let u be j(-3). Give n(u).
-11
Let q(h) = h**2 - 1. Let x(r) = -r - 3. Let l be x(-6). Suppose l*f - 24 = -4*j, 4*f = -4*j - j + 31. Give q(j).
8
Let q(z) = -2*z - 3. Suppose 3*y + 22 + 1 = 4*n, 2*n = 2*y + 10. Suppose 0 = 4*u + 2*w + 2, -3*w + n*w = 15. Let t be -2*((-5)/u - 0). Determine q(t).
7
Let c be (-1)/(-3) + (-21)/9. Let s(a) be the second derivative of 1/2*a**2 - a - 1/4*a**4 - 1/3*a**3 + 0. Determine s(c).
-7
Let x be 0/(-1)*1/(-2). Let l(i) = 3*i - 5 - 2 + 7*i - 9*i. Determine l(x).
-7
Let h(p) = -p**3 - 7*p**2 + p + 5. Suppose 4*d - 2*c = -0*c - 62, -3*d = 3*c + 51. Let t = -23 - d. What is h(t)?
-2
Let b be 2/3 - (-1)/3. Suppose -4 = -s + b. Let i(a) = 3*a + 7*a**3 - s*a - 3*a**3 + 1. Calculate i(1).
3
Let a(p) = -p**3 - 8*p**2 + 11*p + 12. Let w be a(-9). Let g(b) = b**2 + 6*b + 6. Calculate g(w).
6
Let n(t) = -t**3 + 9 - 9*t**2 + 5 - 4*t + 3*t**2 - 3. Give n(-5).
6
Let i(j) = 4*j + 3. Let b be (2 - -1) + (-10)/(-5). Suppose -2*o - 25 = b. Let h = o - -11. Determine i(h).
-13
Let s(d) = -4*d**3 + 2*d**2 + 2*d - 2. Let v(a) = -a**2 + 9*a - 16. Let g be v(6). Determine s(g).
-22
Let v(w) = 3 + 9*w**2 - 4 - 5*w**2 - 2*w**2. Let d be v(-2). Let h(c) = -c**3 + 6*c**2 + 8*c - 3. Determine h(d).
4
Let h(b) be the third derivative of -b**5/60 - 5*b**4/24 + b**3/3 + 2*b**2. Let l(n) = n**2 + 4*n - 5. Let m be l(-4). Give h(m).
2
Let g(y) be the first derivative of y**4/4 + 2*y**3/3 - y**2 - y - 4. Give g(-2).
3
Let g(d) = 3*d - 10. Suppose -3*k = -5*l - 0*l + 27, -4 = k. Let o(t) = 4 + t - 2*t - l. Let u(y) = -g(y) - 4*o(y). Determine u(-3).
3
Let j(s) = s**2 + 12*s + 4. Let b(n) = 2*n**2 + 23*n + 8. Let l(q) = 3*b(q) - 5*j(q). What is l(-8)?
-4
Let w(v) = v - 1. Let j(f) = 2*f**